
What is the units digit of 63211745?
5
What is the thousands digit of 434924843?
4
What is the hundred thousands digit of 202555545?
5
What is the tens digit of 101158322?
2
What is the tens digit of 87667517?
1
What is the tens digit of 126732197?
9
What is the units digit of 25823510?
0
What is the thousands digit of 6943449089?
9
What is the hundreds digit of 679369201?
2
What is the ten thousands digit of 30048940?
4
What is the tens digit of 13004352?
5
What is the millions digit of 2637625207?
7
What is the thousands digit of 56214318?
4
What is the ten thousands digit of 51018149?
1
What is the ten thousands digit of 114182072?
8
What is the millions digit of 61232258?
1
What is the millions digit of 26747061?
6
What is the ten millions digit of 163938995?
6
What is the hundred thousands digit of 704842516?
8
What is the tens digit of 8149043?
4
What is the millions digit of 3032957576?
2
What is the ten millions digit of 1715385968?
1
What is the hundreds digit of 566601374?
3
What is the tens digit of 164189865?
6
What is the ten thousands digit of 376289673?
8
What is the thousands digit of 3235576175?
6
What is the hundred thousands digit of 2245262890?
2
What is the hundred millions digit of 2110109242?
1
What is the thousands digit of 6606327?
6
What is the tens digit of 45084905?
0
What is the tens digit of 806030?
3
What is the hundred thousands digit of 27066523?
0
What is the millions digit of 3401459753?
1
What is the ten thousands digit of 471334608?
3
What is the tens digit of 151016239?
3
What is the millions digit of 707255532?
7
What is the ten thousands digit of 376939511?
3
What is the ten thousands digit of 1175169003?
6
What is the units digit of 99056690?
0
What is the thousands digit of 979558662?
8
What is the thousands digit of 298994674?
4
What is the units digit of 1506380414?
4
What is the thousands digit of 33582536?
2
What is the units digit of 388161659?
9
What is the hundreds digit of 254628470?
4
What is the thousands digit of 65081448?
1
What is the ten millions digit of 12671343?
1
What is the hundreds digit of 2129316331?
3
What is the millions digit of 2167434173?
7
What is the hundreds digit of 8565497?
4
What is the millions digit of 8695643547?
5
What is the tens digit of 1782827875?
7
What is the hundred thousands digit of 79024025?
0
What is the hundreds digit of 4861941964?
9
What is the ten millions digit of 781614038?
8
What is the hundred thousands digit of 178920069?
9
What is the millions digit of 917304762?
7
What is the hundreds digit of 42108717?
7
What is the millions digit of 27356115?
7
What is the millions digit of 398880172?
8
What is the hundreds digit of 235837364?
3
What is the hundred thousands digit of 3602229503?
2
What is the hundred millions digit of 204804725?
2
What is the thousands digit of 17345819?
5
What is the hundred thousands digit of 705343383?
3
What is the thousands digit of 24863715?
3
What is the thousands digit of 1674362940?
2
What is the tens digit of 81780283?
8
What is the millions digit of 2761897042?
1
What is the units digit of 939241306?
6
What is the millions digit of 844850314?
4
What is the thousands digit of 114741188?
1
What is the millions digit of 2302065156?
2
What is the hundreds digit of 342801143?
1
What is the tens digit of 27951421?
2
What is the hundred thousands digit of 160217212?
2
What is the ten thousands digit of 96311216?
1
What is the hundred thousands digit of 5594450?
5
What is the units digit of 1048624520?
0
What is the thousands digit of 368227324?
7
What is the tens digit of 379136550?
5
What is the units digit of 7930507?
7
What is the tens digit of 15013729?
2
What is the millions digit of 1018674966?
8
What is the hundred thousands digit of 20443538?
4
What is the units digit of 32135570?
0
What is the ten thousands digit of 1086630597?
3
What is the billions digit of 2685263555?
2
What is the hundred thousands digit of 178064942?
0
What is the millions digit of 158194288?
8
What is the hundreds digit of 1007162462?
4
What is the hundreds digit of 214176072?
0
What is the hundred thousands digit of 374051266?
0
What is the units digit of 50544552?
2
What is the hundreds digit of 63063980?
9
What is the hundreds digit of 376330629?
6
What is the hundreds digit of 2048088262?
2
What is the hundred thousands digit of 405606667?
6
What is the hundred thousands digit of 37696758?
6
What is the hundred millions digit of 659615027?
6
What is the millions digit of 4775469992?
5
What is the thousands digit of 1532436652?
6
What is the tens digit of 109564162?
6
What is the tens digit of 47130027?
2
What is the thousands digit of 1162611551?
1
What is the units digit of 36511059?
9
What is the ten millions digit of 100659393?
0
What is the hundred thousands digit of 79043150?
0
What is the hundred thousands digit of 21182081?
1
What is the millions digit of 133189814?
3
What is the hundred millions digit of 228399887?
2
What is the hundreds digit of 3370189021?
0
What is the ten thousands digit of 47446188?
4
What is the hundreds digit of 120122812?
8
What is the hundred thousands digit of 481518046?
5
What is the hundred thousands digit of 1204962636?
9
What is the units digit of 304265756?
6
What is the ten millions digit of 18548557?
1
What is the tens digit of 167818183?
8
What is the ten thousands digit of 64802729?
0
What is the units digit of 42402464?
4
What is the ten millions digit of 2938764551?
3
What is the ten thousands digit of 1142660434?
6
What is the hundreds digit of 87144200?
2
What is the millions digit of 9459798?
9
What is the units digit of 96995656?
6
What is the tens digit of 4505770379?
7
What is the hundreds digit of 3193499?
4
What is the millions digit of 2128812598?
8
What is the millions digit of 90128765?
0
What is the millions digit of 86575790?
6
What is the tens digit of 393172220?
2
What is the units digit of 612859057?
7
What is the hundred millions digit of 330770951?
3
What is the hundred thousands digit of 44242808?
2
What is the ten millions digit of 152874801?
5
What is the ten millions digit of 232843802?
3
What is the millions digit of 74305891?
4
What is the hundreds digit of 426580632?
6
What is the millions digit of 30243052?
0
What is the ten millions digit of 3072750717?
7
What is the hundred millions digit of 102640294?
1
What is the thousands digit of 68937419?
7
What is the hundreds digit of 1098160951?
9
What is the hundreds digit of 687640548?
5
What is the tens digit of 58791874?
7
What is the units digit of 73368981?
1
What is the units digit of 1312430569?
9
What is the millions digit of 18609196?
8
What is the ten thousands digit of 340277929?
7
What is the thousands digit of 451555016?
5
What is the thousands digit of 111637940?
7
What is the hundred millions digit of 251925329?
2
What is the hundred millions digit of 456711349?
4
What is the hundred thousands digit of 9763749?
7
What is the tens digit of 358749935?
3
What is the tens digit of 273416016?
1
What is the ten millions digit of 10787630?
1
What is the ten thousands digit of 6502367?
0
What is the hundred thousands digit of 73053110?
0
What is the hundreds digit of 36254568?
5
What is the hundreds digit of 915718723?
7
What is the tens digit of 49139880?
8
What is the hundred thousands digit of 143870521?
8
What is the hundred millions digit of 1124530010?
1
What is the ten thousands digit of 124987441?
8
What is the hundreds digit of 313439060?
0
What is the hundred millions digit of 337245283?
3
What is the hundred millions digit of 197132658?
1
What is the ten thousands digit of 1444919379?
1
What is the hundreds digit of 1524943649?
6
What is the ten thousands digit of 4555258928?
5
What is the thousands digit of 84904861?
4
What is the tens digit of 87548657?
5
What is the hundred millions digit of 1054132932?
0
What is the hundred thousands digit of 19283331?
2
What is the hundred millions digit of 1320203788?
3
What is the hundred thousands digit of 506005686?
0
What is the millions digit of 425167838?
5
What is the tens digit of 39094966?
6
What is the thousands digit of 202151728?
1
What is the millions digit of 114692573?
4
What is the billions digit of 2390469295?
2
What is the tens digit of 552